{"id":44,"date":"2005-06-03T03:54:33","date_gmt":"2005-06-03T01:54:33","guid":{"rendered":"http:\/\/www.clausmoser.de\/nb\/?page_id=44"},"modified":"2009-01-26T19:37:32","modified_gmt":"2009-01-26T16:37:32","slug":"legal","status":"publish","type":"page","link":"http:\/\/clausmoser.de\/blog\/legal\/","title":{"rendered":"Impressum"},"content":{"rendered":"<p>Verantwortlich f\u00fcr diese Seiten im Sinne des \u00a76 Teledienstgesetz bzw. \u00a76 Medien DStV ist:<\/p>\n<p>Claus Moser<br \/>\nK\u00f6nigstra\u00dfe 9<br \/>\nD 50321 Br\u00fchl<\/p>\n<p>Tel. +49 (0) 2232 95 08 96<br \/>\nE-Mail: claus at clausmoser dot com<br \/>\n(replace at with &#8218;@&#8216; and dot with &#8218;.&#8216;)<\/p>\n<p>Alle Inhalte dieser Website (c) Claus Moser. Lizenzierung von Inhalten entsprechend den Bedingungen einer Creative Commons License. Mehr <a href=\"http:\/\/creativecommons.org\/licenses\/by-nc-sa\/2.0\/de\/deed.de\" target=\"_blank\">hier<\/a>.<\/p>\n<p>Bitte lesen Sie au\u00dferdem den <a href=\"http:\/\/www.disclaimer.de\/disclaimer.htm?farbe=FFFFFF\/000000\/000000\/000000\" target=\"_blank\">Haftungsausschluss<\/a>.<\/p>\n<p><!-- Creative Commons License --><\/p>\n<p><a rel=\"license\" href=\"http:\/\/creativecommons.org\/licenses\/by-nc-sa\/2.0\/de\/\"><img decoding=\"async\" alt=\"Creative Commons License\" border=\"0\" src=\"http:\/\/creativecommons.org\/images\/public\/somerights20.gif\" \/><\/a><\/p>\n<p>This work is licensed under a <a rel=\"license\" href=\"http:\/\/creativecommons.org\/licenses\/by-nc-sa\/2.0\/de\/\">Creative Commons License<\/a>.<\/p>\n<p><!-- \/Creative Commons License --><\/p>\n","protected":false},"excerpt":{"rendered":"<p>Verantwortlich f\u00fcr diese Seiten im Sinne des \u00a76 Teledienstgesetz bzw. \u00a76 Medien DStV ist: Claus Moser K\u00f6nigstra\u00dfe 9 D 50321 Br\u00fchl Tel. +49 (0) 2232 95 08 96 E-Mail: claus at clausmoser dot com (replace at with &#8218;@&#8216; and dot with &#8218;.&#8216;) Alle Inhalte dieser Website (c) Claus Moser. Lizenzierung von Inhalten entsprechend den Bedingungen [&hellip;]<\/p>\n","protected":false},"author":1,"featured_media":0,"parent":0,"menu_order":0,"comment_status":"closed","ping_status":"open","template":"","meta":{"footnotes":""},"class_list":["post-44","page","type-page","status-publish","hentry"],"_links":{"self":[{"href":"http:\/\/clausmoser.de\/blog\/wp-json\/wp\/v2\/pages\/44","targetHints":{"allow":["GET"]}}],"collection":[{"href":"http:\/\/clausmoser.de\/blog\/wp-json\/wp\/v2\/pages"}],"about":[{"href":"http:\/\/clausmoser.de\/blog\/wp-json\/wp\/v2\/types\/page"}],"author":[{"embeddable":true,"href":"http:\/\/clausmoser.de\/blog\/wp-json\/wp\/v2\/users\/1"}],"replies":[{"embeddable":true,"href":"http:\/\/clausmoser.de\/blog\/wp-json\/wp\/v2\/comments?post=44"}],"version-history":[{"count":1,"href":"http:\/\/clausmoser.de\/blog\/wp-json\/wp\/v2\/pages\/44\/revisions"}],"predecessor-version":[{"id":858,"href":"http:\/\/clausmoser.de\/blog\/wp-json\/wp\/v2\/pages\/44\/revisions\/858"}],"wp:attachment":[{"href":"http:\/\/clausmoser.de\/blog\/wp-json\/wp\/v2\/media?parent=44"}],"curies":[{"name":"wp","href":"https:\/\/api.w.org\/{rel}","templated":true}]}}