{"id":96,"date":"2005-06-03T21:56:05","date_gmt":"2005-06-03T19:56:05","guid":{"rendered":"http:\/\/www.clausmoser.de\/nb\/?page_id=96"},"modified":"2008-01-29T20:18:29","modified_gmt":"2008-01-29T17:18:29","slug":"solutions","status":"publish","type":"page","link":"http:\/\/clausmoser.de\/blog\/solutions\/","title":{"rendered":"Regel 11 &#8211; Abseits"},"content":{"rendered":"<p><strong>Abseitsposition<\/strong><\/p>\n<p>Die Abseitsstellung eines Spielers stellt an sich noch keine Regel\u00fcbertretung dar.<\/p>\n<p>Ein Spieler befindet sich in einer Abseitsstellung,<\/p>\n<ul>\n<li>wenn er der gegnerischen Torlinie n\u00e4her ist als der Ball und der vorletzte Abwehrspieler.<\/li>\n<\/ul>\n<p>Ein Spieler befindet sich nicht in einer Abseitsstellung,<\/p>\n<ul>\n<li>in seiner eigenen Spielfeldh\u00e4lfte oder\n<\/li>\n<li>auf gleicher H\u00f6he mit dem vorletzten Abwehrspieler oder\n<\/li>\n<li>auf gleicher H\u00f6he mit den beiden letzten Abwehrspielern.\n<\/li>\n<\/ul>\n<p><strong>Regel\u00fcbertretung<br \/>\n<\/strong><br \/>\nEin Spieler wird nur dann f\u00fcr seine Abseitsstellung bestraft, wenn er nach Ansicht des Schiedsrichters zum Zeitpunkt, wenn der Ball einen seiner Mannschaftskollegen ber\u00fchrt oder von einem gespielt wird, aktiv am Spielgeschehen teilnimmt, indem er:<\/p>\n<ul>\n<li>ins Spiel eingreift oder\n <\/li>\n<li>einen Gegner beeinflusst oder\n   <\/li>\n<li>aus seiner Stellung einen Vorteil zieht.\n<\/li>\n<\/ul>\n<p><strong>Keine Regel\u00fcbertretung<br \/>\n<\/strong><br \/>\nliegt vor, wenn ein Spieler den Ball direkt erh\u00e4lt von<\/p>\n<ul>\n<li>einem Absto\u00df oder\n<\/li>\n<li>einem Einwurf oder\n<\/li>\n<li>einem Ecksto\u00df.<\/li>\n<\/ul>\n<p><strong>Strafbestimmungen:<br \/>\n<\/strong><br \/>\nNach jeder strafbaren Abseitsstellung verh\u00e4ngt der Schiedsrichter einen indirekten Freisto\u00df f\u00fcr die gegnerische Mannschaft an der Stelle, wo sich der Versto\u00df ereignete. *)<\/p>\n<p><strong>Anweisungen des DFB<br \/>\n<\/strong><\/p>\n<ol>\n<li>Entscheidend f\u00fcr die Bewertung, ob ein Spieler sich in Abseitsstellung befindet, ist immer seine Position im Augenblick der Ballabgabe durch den Mitspieler, nicht im Moment der Ballannahme.\n  <\/li>\n<li>Eine Abseitsstellung ist nur strafbar, wenn der Spieler auf das Spielgeschehen einwirkt oder einen Vorteil erlangt.\n<\/li>\n<li>Ein bei der Ballabgabe passiv abseitsstehender Spieler ist dann als strafbar abseits zu bewerten, wenn er ins Spiel eingreift, die Ballabgabe indirekt zu ihm gelangt und er damit aus seiner Stellung einen Vorteil zieht.<\/li>\n<li>Ein Spieler verst\u00f6\u00dft nicht gegen die Regel, wenn er in Abseitsstellung ist und \u00fcber die Grenzlinien des Spielfeldes geht, um dem Schiedsrichter klar zu zeigen, dass er am Spiel nicht teilnimmt.<br \/>\n      Wenn das Spielfeldverlassen eines solchen Spielers einen taktischen Zweck verfolgt und der Spieler unmittelbar danach wieder ins Spiel eingreift, soll der Schiedsrichter einen indirekten Freisto\u00df verh\u00e4ngen, wo der Spieler ins Spielfeld zur\u00fcckgekehrt ist. Der Spieler ist zu verwarnen.\n<\/li>\n<li>Der Schiedsrichter-Assistent zeigt nur strafbares Abseits an.\n<\/li>\n<\/ol>\n<p>(Zitiert nach dem Regelwerk des <a href=\"http:\/\/www.dfb.de\/dfb-info\/regeln\/fussballregeln\/regel\/regel11.html\">DFB<\/a>.)<\/p>\n","protected":false},"excerpt":{"rendered":"<p>Abseitsposition Die Abseitsstellung eines Spielers stellt an sich noch keine Regel\u00fcbertretung dar. Ein Spieler befindet sich in einer Abseitsstellung, wenn er der gegnerischen Torlinie n\u00e4her ist als der Ball und der vorletzte Abwehrspieler. Ein Spieler befindet sich nicht in einer Abseitsstellung, in seiner eigenen Spielfeldh\u00e4lfte oder auf gleicher H\u00f6he mit dem vorletzten Abwehrspieler oder auf [&hellip;]<\/p>\n","protected":false},"author":1,"featured_media":0,"parent":0,"menu_order":0,"comment_status":"open","ping_status":"open","template":"","meta":{"footnotes":""},"class_list":["post-96","page","type-page","status-publish","hentry"],"_links":{"self":[{"href":"http:\/\/clausmoser.de\/blog\/wp-json\/wp\/v2\/pages\/96","targetHints":{"allow":["GET"]}}],"collection":[{"href":"http:\/\/clausmoser.de\/blog\/wp-json\/wp\/v2\/pages"}],"about":[{"href":"http:\/\/clausmoser.de\/blog\/wp-json\/wp\/v2\/types\/page"}],"author":[{"embeddable":true,"href":"http:\/\/clausmoser.de\/blog\/wp-json\/wp\/v2\/users\/1"}],"replies":[{"embeddable":true,"href":"http:\/\/clausmoser.de\/blog\/wp-json\/wp\/v2\/comments?post=96"}],"version-history":[{"count":0,"href":"http:\/\/clausmoser.de\/blog\/wp-json\/wp\/v2\/pages\/96\/revisions"}],"wp:attachment":[{"href":"http:\/\/clausmoser.de\/blog\/wp-json\/wp\/v2\/media?parent=96"}],"curies":[{"name":"wp","href":"https:\/\/api.w.org\/{rel}","templated":true}]}}